 25. Calculate the remainder when c is divided by 7.
4
Let h(z) = z**3 - 4*z**2 + z - 2. What is the remainder when h(4) is divided by 1?
0
Calculate the remainder when (-6)/4*100*(-5)/15 is divided by 15.
5
Let a(x) = x**3 + 2*x**2 - 4*x + 5. What is the remainder when 37 is divided by a(-3)?
5
Let x = -9 + 35. Let w = x + -14. Calculate the remainder when (-3)/9 + 206/6 is divided by w.
10
Suppose k + s - 18 = 0, 0*k - 4*k + 108 = -5*s. Calculate the remainder when 107 is divided by k.
19
What is the remainder when (1 + 12/8)/((-2)/(-32)) is divided by 14?
12
Suppose 0 = -2*h + 36. Suppose 25 = -0*n + 2*n - 5*g, -3*g = -n + 15. Suppose n = -2*x + 72 + 34. What is the remainder when x is divided by h?
17
Let g be (-6)/(-8)*(-16)/(-6). Suppose a - g = 1. Calculate the remainder when a is divided by 2.
1
Suppose -8*s - 4 = -28. What is the remainder when (-25)/(-9) + (-4)/(-18) is divided by s?
0
What is the remainder when 39 is divided by (7/((-147)/(-30)))/((-6)/(-42))?
9
Let l = -19 + 13. Let s be (-8)/l*(-12)/(-4). Suppose 3*c + 3 = s*c. Calculate the remainder when 8 is divided by c.
2
Suppose n - 3*o + 20 = -24, 3*o - 126 = 3*n. Calculate the remainder when 25 is divided by n/(-3) - (-1)/3.
11
Let x(y) = -5*y - 8. Let g be x(-6). Suppose m + g = 58. What is the remainder when m is divided by 18 + 2/(-4)*-2?
17
Suppose 0 = -0*a + 4*a. Suppose r + p + 1 = a, 4*r + p = 7 + 1. What is the remainder when (40/16)/((-1)/(-4)) is divided by r?
1
Let s = -45 + 67. What is the remainder when 85 is divided by s?
19
Suppose 51 = 5*n - 14. Calculate the remainder when 89 is divided by n.
11
Let q = 147 - 88. Let p = q - 42. Let y(i) = i**2 + 5*i - 4. What is the remainder when y(4) is divided by p?
15
Suppose 5*k + 2*r = 113 + 136, 3*k - 4*r = 139. Suppose -4*i + 6*i = 10. Suppose -i*l + 52 = -l. Calculate the remainder when k is divided by l.
10
Let m be (-2 - 80) + 1 + -2. Let u = -34 - m. Calculate the remainder when u is divided by 10.
9
Suppose -87 - 907 = -14*n. Calculate the remainder when n is divided by 15.
11
Suppose 3*m + 0 = 63. Suppose -v = 2*v - m. Suppose 0 = -3*b + 34 + 5. Calculate the remainder when b is divided by v.
6
Let p(n) = -25*n + 1. Let x be p(-2). Suppose h + 2*z = 59, -h + 4*z + x = 2*z. Calculate the remainder when h is divided by ((-3)/3)/(1/(-19)).
17
Let f(b) = -6*b. What is the remainder when 16 is divided by f(-1)?
4
Let g be (42/4)/((-6)/(-8)). Let l = -10 + g. Calculate the remainder when 10 is divided by l.
2
Let a(y) = -19*y + 5. Calculate the remainder when a(-3) is divided by 32.
30
What is the remainder when ((-3)/5)/(3/(-165)) is divided by 17?
16
Let g = -22 - -34. Calculate the remainder when 82 is divided by g.
10
What is the remainder when (9/(-15) - -1)*75 is divided by 11?
8
Suppose 2*y - 30 = 4*f, 3*y - 4*f + 4 = 41. Calculate the remainder when (-3 - -1)/1*-9 is divided by y.
4
Suppose -2*k + 192 = 4*x, -4 = x + k - 53. Suppose 4*f = 3*z - 52, -4*z + 18*f - 16*f = -66. What is the remainder when x is divided by z?
15
Let w(q) = q**2 + 2*q - 7. Let a be w(-5). Suppose 0 = d - 3*d + a. Let v(o) = o - 1. Calculate the remainder when v(12) is divided by d.
3
Let b = -10 + 21. Suppose -10 = -d + 6. Suppose -4*x + 8*x = d. Calculate the remainder when b is divided by x.
3
Let r be ((-10)/(-6) + -1)*-6. Let n(k) = -k**2 + 2*k**2 - 7*k - 4 - 2 + 5*k. Calculate the remainder when 52 is divided by n(r).
16
Let u = -96 + 169. Calculate the remainder when u is divided by 38.
35
Suppose -4*z - 35 = -143. Calculate the remainder when 134 is divided by z.
26
Calculate the remainder when 99 is divided by (3 - 2)*75/3.
24
Let d be 4/(-20) + (-48)/(-15). Suppose 4*l - 19 = d*l. What is the remainder when l is divided by 7?
5
Suppose 68 + 120 = 5*h + p, -3*p + 9 = 0. Let u(s) = -7*s - 1. What is the remainder when h is divided by u(-2)?
11
Let l = 16 + -11. Suppose 0 = 2*r - 11 - l. Let z = 0 + r. Calculate the remainder when 15 is divided by z.
7
Let t(w) = -2*w + 3*w - 3 + 2 - 1. Calculate the remainder when 2 is divided by t(3).
0
Suppose 5*p - 208 - 342 = 0. Suppose 5*y - c - 140 = 0, -5*c = 4*y - p - 2. What is the remainder when y - (-3 + (3 - 3)) is divided by 8?
7
Let p = 22 - 20. What is the remainder when (-3 - -1) + 70/p is divided by (-87)/(-5) + 8/(-20)?
16
Let k = 33 + -23. Suppose -i - 8 = -46. What is the remainder when i is divided by k?
8
Suppose 8 = -2*h, 3*a - 1291 = -0*h + 4*h. Suppose 2*p + 3*p = a. What is the remainder when p is divided by 22?
19
Let v(i) = i**2 - 10. Calculate the remainder when v(-7) is divided by -1*(-1 - (18 - -1)).
19
Let b = 27 + 4. Let m(z) = z**3 - 7*z**2 + 2*z. Let f be m(5). Let c = -24 - f. Calculate the remainder when b is divided by c.
15
Let m(b) = 4 - 4 - 39*b. Suppose -5*y = -g - 5, -g + 10 = 2*y - 20. What is the remainder when m(-1) is divided by g?
19
What is the remainder when 129 is divided by (-335)/(-15) + (-1)/3?
19
Let x(o) be the first derivative of o**3/3 + o**2/2 - 5*o - 1. What is the remainder when 43 is divided by x(-5)?
13
Let o = 4 - 6. Let g be 179/6 - o/12. Suppose 0 = -3*c - 12, c = -z - c + g. Calculate the remainder when z is divided by 13.
12
Suppose -10 = -3*v + 2. Let c = v - -3. What is the remainder when 13 is divided by c?
6
Suppose -6 = -2*j, 5*w + 2*j + 74 + 15 = 0. Let t = w + 27. Calculate the remainder when t is divided by 5.
3
Let a be (-30)/(-4)*(-2)/(-3). Suppose -3*n = r - 5 + 1, -a = -4*n - r. Calculate the remainder when n is divided by ((-4)/(2 + 0))/(-2).
0
Let v = -104 + 162. What is the remainder when v is divided by 10?
8
Let y be (1 - (2 - 0)) + 0. Let n = 3 + y. Calculate the remainder when 4 is divided by n.
0
Let s = 77 + -53. Calculate the remainder when s is divided by (1/(-2))/(1/(-26)).
11
Calculate the remainder when 30 is divided by (-20)/(-6)*3 + 1.
8
Suppose -3*s + 27 = -3. Let l be 28 - (-1 + (-6)/(-3)). Let g = 56 - l. What is the remainder when g is divided by s?
9
Suppose 2*s - b - 24 = 0, -28 = -4*s - b - 2*b. Calculate the remainder when 2*(-1)/2 - -30 is divided by s.
9
Let n = 48 - 41. Calculate the remainder when n is divided by 3.
1
Let x = -2 - 0. Let o = 45 + -4. What is the remainder when o is divided by (-16)/(-2 - -1) + x?
13
Suppose 0*i - 4*i + 64 = 0. Calculate the remainder when 22 is divided by (-30)/3*i/(-20).
6
Let o be 2/9 + 25/9. Suppose -2*f + 2*g + 54 = 0, -2*g + 67 = o*f - 4. Suppose 2*a + f = 91. Calculate the remainder when a is divided by 17.
16
Suppose 61 = 5*l + 16. Let p = 1 + 1. Calculate the remainder when (p/6)/((-3)/(-297)) is divided by l.
6
Let o(f) = -f**3 - f**2 - 3. Let h be o(0). Let j = h - -6. Let k(a) = -a**2 + 8*a + 1. Calculate the remainder when k(7) is divided by j.
2
Let d(o) = -o**3 - 7*o**2 - 6*o + 8. Calculate the remainder when d(-7) is divided by 18.
14
Suppose 0 = 3*i + 3*h - 18, 3*i - 4*h = 4*i. What is the remainder when 22 is divided by i?
6
Suppose 0 = -4*p - 2*l + l + 97, -2*p + 5*l = -65. What is the remainder when p is divided by 13?
12
Suppose -8*v + 6 = -6*v. Suppose -43 = -4*z - r, v*r = -3*z - 6 + 36. Calculate the remainder when 31 is divided by z.
9
Let z = 15 + 27. Calculate the remainder when 125 is divided by z.
41
Suppose -5*b + 16 = 2*s, 5*s = 5*b + 8 - 3. Let q(m) = -m**3 + 8*m**2 - m + 12. Calculate the remainder when q(8) is divided by b.
0
What is the remainder when 119 is divided by (-945)/(-40) + 6/16?
23
Let i = -35 + 37. What is the remainder when i is divided by 1?
0
Let r(v) = v + 6. Calculate the remainder when 26 is divided by r(10).
10
Suppose -2*b = -8 - 58. Let x(q) = q**2 + 3*q + 7. Let s(p) = -6*p**2 - 2*p - 1. Let f be s(-1). What is the remainder when b is divided by x(f)?
16
Let d = 6 - 5. Let o = -2 + d. What is the remainder when 14 is divided by (o - 1)/(-4)*10?
4
Let b(o) = -o**3 + 5*o**2 + 2*o - 8. Let l be b(5). Suppose -5*d + 68 = -l. What is the remainder when 40 is divided by d?
12
Suppose -2*o + 2 = -0. Let c(x) = -x + 7. Calculate the remainder when c(5) is divided by o.
0
Let l(z) = -2*z + 44. Calculate the remainder when l(20) is divided by 6/(-8)*-2*2.
1
Let o(k) = -k**2 - 11*k - 9. Calculate the remainder when 72 is divided by o(-4).
15
What is the remainder when 8 is divided by (6/7)/((-3)/(-21))